{"id":967,"date":"2022-01-23T22:01:21","date_gmt":"2022-01-23T20:01:21","guid":{"rendered":"http:\/\/gs-thw-fr.de\/?page_id=967"},"modified":"2022-01-24T18:54:01","modified_gmt":"2022-01-24T16:54:01","slug":"kontakt","status":"publish","type":"page","link":"http:\/\/gs-thw-fr.de\/?page_id=967","title":{"rendered":"Kontakt"},"content":{"rendered":"\n<p><\/p>\n\n\n\n<p>F\u00f6rderverein der Grundschule Thaleischweiler-Fr\u00f6schen (e.V.)<br>Griesholstra\u00dfe 15<br>66987 Thaleischweiler-Fr\u00f6schen<br><br>foerderverein-gs-thw-fr@t-online.de<\/p>\n\n\n\n<p><\/p>\n\n\n\n<p><\/p>\n\n\n\n<p>1.Vorsitzender<br>Michael Sinz<br>Preslesstra\u00dfe 1<br>66987 Thaleischweiler-Fr\u00f6schen<\/p>\n","protected":false},"excerpt":{"rendered":"<p>F\u00f6rderverein der Grundschule Thaleischweiler-Fr\u00f6schen (e.V.)Griesholstra\u00dfe 1566987 Thaleischweiler-Fr\u00f6schen foerderverein-gs-thw-fr@t-online.de 1.VorsitzenderMichael SinzPreslesstra\u00dfe 166987 Thaleischweiler-Fr\u00f6schen<\/p>\n","protected":false},"author":2,"featured_media":0,"parent":0,"menu_order":0,"comment_status":"closed","ping_status":"closed","template":"","meta":{"footnotes":""},"class_list":["post-967","page","type-page","status-publish","hentry"],"_links":{"self":[{"href":"http:\/\/gs-thw-fr.de\/index.php?rest_route=\/wp\/v2\/pages\/967","targetHints":{"allow":["GET"]}}],"collection":[{"href":"http:\/\/gs-thw-fr.de\/index.php?rest_route=\/wp\/v2\/pages"}],"about":[{"href":"http:\/\/gs-thw-fr.de\/index.php?rest_route=\/wp\/v2\/types\/page"}],"author":[{"embeddable":true,"href":"http:\/\/gs-thw-fr.de\/index.php?rest_route=\/wp\/v2\/users\/2"}],"replies":[{"embeddable":true,"href":"http:\/\/gs-thw-fr.de\/index.php?rest_route=%2Fwp%2Fv2%2Fcomments&post=967"}],"version-history":[{"count":4,"href":"http:\/\/gs-thw-fr.de\/index.php?rest_route=\/wp\/v2\/pages\/967\/revisions"}],"predecessor-version":[{"id":985,"href":"http:\/\/gs-thw-fr.de\/index.php?rest_route=\/wp\/v2\/pages\/967\/revisions\/985"}],"wp:attachment":[{"href":"http:\/\/gs-thw-fr.de\/index.php?rest_route=%2Fwp%2Fv2%2Fmedia&parent=967"}],"curies":[{"name":"wp","href":"https:\/\/api.w.org\/{rel}","templated":true}]}}